 1 + 1311?
1312
In base 7, what is -123 - 230?
-353
In base 7, what is -35424 - 10?
-35434
In base 4, what is 20132 + -100?
20032
In base 5, what is 10 - 32431?
-32421
In base 6, what is -25 - 14241?
-14310
In base 9, what is -162513 - 4?
-162517
In base 5, what is 444204311 - 1?
444204310
In base 10, what is 0 + 651?
651
In base 15, what is 3 + 5014d?
50151
In base 4, what is -13122210 - 200?
-13123010
In base 13, what is 4 - 54b3?
-54ac
In base 14, what is -3d - -457?
418
In base 14, what is -74b97 + -12?
-74ba9
In base 7, what is -21563 - -250?
-21313
In base 8, what is -1650 + -1053?
-2723
In base 4, what is 30021010 - 2?
30021002
In base 2, what is 111111011101 - 1010110?
111110000111
In base 5, what is 1131144 - -2?
1131201
In base 12, what is 3 + 3b3a?
3b41
In base 8, what is 65 + -14537?
-14452
In base 9, what is 2 - 6232?
-6230
In base 10, what is 33 + 223?
256
In base 6, what is 15 - 251312?
-251253
In base 5, what is 4424 - 4101?
323
In base 14, what is 8 + -5bd2?
-5bc8
In base 8, what is -1165 - -164?
-1001
In base 3, what is 11011 - -12001221?
12020002
In base 2, what is -100110011001010 + -101101?
-100110011110111
In base 4, what is -10101 - -11?
-10030
In base 3, what is 12020121220 - 1200?
12020120020
In base 2, what is -10010 + -1001010111000000?
-1001010111010010
In base 11, what is -74 - 4a6?
-56a
In base 3, what is -20 - -12101012200?
12101012110
In base 4, what is 33200 - -21?
33221
In base 16, what is -cf + -9a5?
-a74
In base 8, what is -25500 + -251?
-25751
In base 5, what is -430431 - -3?
-430423
In base 11, what is -8951 + 18?
-8934
In base 3, what is -12 - 111220111221?
-111220112010
In base 4, what is -221202 - 3021?
-230223
In base 5, what is 11141213 + 14?
11141232
In base 3, what is -1012100 + 1112?
-1010211
In base 14, what is -34 + dbd?
d89
In base 6, what is 252552 + 113?
253105
In base 13, what is -1b8 - 16bb?
-18a6
In base 14, what is -2d42 - -8?
-2d38
In base 13, what is 5841 + -a?
5834
In base 14, what is 36 + -1a58?
-1a22
In base 13, what is 30c8 - 0?
30c8
In base 7, what is 16104655 - 5?
16104650
In base 14, what is 1246 - -27?
126d
In base 12, what is 0 + 1815?
1815
In base 2, what is 1111000011110 + 101?
1111000100011
In base 4, what is -1201 + -120001?
-121202
In base 6, what is 34242 - 4?
34234
In base 10, what is -809 + -952?
-1761
In base 7, what is 3 - 65003?
-65000
In base 3, what is 121200001121 - 2?
121200001112
In base 16, what is -cd - e6?
-1b3
In base 14, what is -4 + -1241?
-1245
In base 9, what is 228 + -427?
-188
In base 2, what is 1 + -10110001101101010?
-10110001101101001
In base 12, what is 1 + -9a732?
-9a731
In base 9, what is -10 - -2832?
2822
In base 13, what is 6 - 7943?
-793a
In base 3, what is -1101202201 + -2012?
-1101211220
In base 9, what is 384 - 26?
357
In base 15, what is 1 + -265e?
-265d
In base 14, what is -14 - -7c1?
7ab
In base 9, what is 17 - 31835?
-31817
In base 15, what is -5c0 - 8a?
-65a
In base 16, what is 368e + 6?
3694
In base 16, what is 938f + -7?
9388
In base 16, what is -7bb - 5?
-7c0
In base 3, what is -2220022202111 + 11?
-2220022202100
In base 6, what is 203 + -11?
152
In base 5, what is 210 + 13222?
13432
In base 2, what is 101101 - -10001001101?
10001111010
In base 16, what is -1b8 - -34?
-184
In base 15, what is 3cca - 1?
3cc9
In base 8, what is 3 + 36355?
36360
In base 8, what is -2 - -4713653?
4713651
In base 4, what is -1300 - -10203?
2303
In base 10, what is -2276751 + 1?
-2276750
In base 8, what is -7324603 - 4?
-7324607
In base 6, what is -20 - 3214224?
-3214244
In base 15, what is -1192 + 6?
-118b
In base 12, what is 504 + 104?
608
In base 7, what is -332224 + -5?
-332232
In base 14, what is d10651 + 5?
d10656
In base 5, what is -2340210302 + 2?
-2340210300
In base 16, what is 0 - 7c322?
-7c322
In base 7, what is -1 + -111054?
-111055
In base 3, what is -2102 - -122021211?
122012102
In base 8, what is 140 - 62101?
-61741
In base 6, what is 2003323 - 2?
2003321
In base 14, what is -5b7ca - 6?
-5b7d2
In base 11, what is -30985 - -5?
-30980
In base 14, what is -28 - -14d2d?
14d05
In base 2, what is 10010 - 1001110000100100?
-1001110000010010
In base 13, what is -1b + -90a0?
-90bb
In base 10, what is 2138 - -54?
2192
In base 8, what is -7472 - -402?
-7070
In base 2, what is 100 - -1110001010001111?
1110001010010011
In base 11, what is -293 - 86?
-369
In base 8, what is 24163 + 2?
24165
In base 10, what is 1 + -657?
-656
In base 12, what is -37 + -1888?
-1903
In base 6, what is 1 - -123340?
123341
In base 9, what is 322 + 770?
1202
In base 11, what is 12535 + -38?
124a8
In base 8, what is 7 - -13263?
13272
In base 3, what is 221 + 112000?
112221
In base 12, what is 11 - -60bb?
6110
In base 15, what is -34e - -a3?
-29b
In base 7, what is 6444 + -13?
6431
In base 10, what is -6 + 10949?
10943
In base 3, what is -1101022 - -10120212?
2012120
In base 11, what is -76 - -a29?
963
In base 13, what is -c0 - a06?
-ac6
In base 8, what is 265512 + 4?
265516
In base 14, what is -3 + 10390?
1038b
In base 9, what is -30 + 4375?
4345
In base 3, what is -112 - -10210220022?
10210212210
In base 7, what is 12 + 1146150?
1146162
In base 7, what is 126646 - -5?
126654
In base 16, what is 13 + -17c48?
-17c35
In base 4, what is 22303 - 110?
22133
In base 2, what is -1001001001101 - -110?
-1001001000111
In base 16, what is 32fea + 5?
32fef
In base 16, what is -dc6 + 4d?
-d79
In base 12, what is 2107 - -854?
295b
In base 11, what is 4 - -7816?
781a
In base 12, what is -5b5 - -12?
-5a3
In base 12, what is 120 + -4424?
-4304
In base 11, what is -4 + -88870?
-88874
In base 3, what is 2 + -222110111?
-222110102
In base 15, what is -400a4 - -2?
-400a2
In base 6, what is 1251204 - 4?
1251200
In base 15, what is 3 + -47ec3?
-47ec0
In base 4, what is 1112100 + 2111?
1120211
In base 10, what is 4 - 444895?
-444891
In base 16, what is 85e38 - 5?
85e33
In base 10, what is 355 + 476?
831
In base 6, what is -310 + 43123?
42413
In base 5, what is -4344344 + -4?
-4344403
In base 5, what is 32 + 142302?
142334
In base 7, what is -54 + 224?
140
In base 11, what is 493 - 204?
28a
In base 10, what is -12 - -1818?
1806
In base 15, what is -2738 + -92?
-27ca
In base 9, what is 6045257 + 1?
6045258
In base 7, what is 1130466 + 23?
1130522
In base 5, what is -310302223 + -1?
-310302224
In base 10, what is 4250058 + -5?
4250053
In base 7, what is 605 + 2352?
3260
In base 14, what is 74 + -28c?
-218
In base 11, what is 4889 - -476?
5254
In base 4, what is -12 + -311?
-323
In base 7, what is 116631 - 5?
116623
In base 5, what is -33223 - 24?
-33302
In base 16, what is 61de - 3?
61db
In base 12, what is -120 + -1?
-121
In base 12, what is -1 + -10303?
-10304
In base 5, what is 10 + 114323?
114333
In base 10, what is 0 - 21592?
-21592
In base 13, what is -5c4 - -ccc?
708
In base 12, what is 6 - -4a76?
4a80
In base 12, what is -4 - -1227ab?
1227a7
In base 15, what is -1629 - 83?
-16ac
In base 5, what is 1222 - -210412?
212134
In base 2, what is -110011 + -10011010000?
-10100000011
In base 13, what is 5 + 3175b?
31763
In base 14, what is b135d - -5?
b1364
In base 6, what is 23 - 33043?
-33020
In base 14, what is 96bc - 62?
965a
In base 9, what is 261 - -783?
1154
In base 5, what is -423331 - 1?
-423332
In base 3, what is -22021102 + -22?
-22021201
In base 12, what is 839244 + 1?
839245
In base 11, what is 7674 - 1?
7673
In base 9, what is -37646 + 65?
-37571
In base 6, what is 2550410 - -4?
2550414
In base 12, what is 1 - -203213?
203214
In base 2, what is -101010110000000 - 0?
-101010110000000
In base 14, what is -4 + -1395?
-1399
In base 4, what is -1113 + -223103?
-230222
In base 14, what is -3ab + 67?
-344
In base 3, what is 2101 + -2200120?
-2121012
In base 2, what is -1010000010111001 - 11?
-1010000010111100
In base 14, what is 0 + 163b69?
163b69
In base 3, what is -100 - 111111101?
-111111201
In base 16, what is -23 + -145c6?
-145e9
In base 6, what is 1501 + -342?
1115
In base 6, what is 313 - 1345?
-1032
In base 10, what is 59 - -27452?
27511
In base 6, what is 52112 + 3?
52115
In base 11, what is 43022 - 5?
43018
In base 7, what is 3 + 5010226?
5010232
In base 14, what is 0 - -1614?
1614
In base 15, what is -55 - 2?
-57
In base 5, what is 4442444 - 2?
4442442
In base 9, what is -1326 + 122?